-4). Suppose q = -2*v + 104 + 190. What is the remainder when v is divided by 30?
27
Let i(o) = 4*o**2 + 48*o - 21. What is the remainder when i(6) is divided by 50?
11
Let n(f) = -2*f**2 + 3*f + 121. Calculate the remainder when n(0) is divided by 42.
37
Let b(g) = 71*g**2 + 4*g + 3. Let v = 184 - 156. Calculate the remainder when b(-1) is divided by v.
14
Suppose -4981 = -5*v + 2*u, -2 = -51*u + 50*u. Calculate the remainder when v is divided by 63.
52
Suppose 3932 - 1337 = 15*o. Calculate the remainder when o is divided by 69.
35
Suppose -9*c + 0 + 36 = 0. Suppose c*o + 2 - 14 = 0. Calculate the remainder when (-2)/(-2) + (-20)/(-5) is divided by o.
2
Let a be (1 - 0)/(-12 + 11). Let f = -25 - -36. Calculate the remainder when f is divided by 4 + (4 - (3 + a)).
5
Let q(x) = x**2 - 13*x + 19. Let f be q(9). What is the remainder when 373 is divided by 3*2 + (-816)/f?
49
Let a(n) = -13*n**2 + 57*n**3 + 2*n**2 + 22*n + 4 - 3 - 55*n**3. Calculate the remainder when a(5) is divided by 46.
40
Let q(n) = n + 1. Let g(j) = -j**2 - 27*j - 54. Let i(k) = g(k) - 2*q(k). Let t be i(-28). What is the remainder when 4/(-14) + (-36)/t + 24 is divided by 13?
12
Calculate the remainder when (13*26/1014)/(1/96) is divided by 6.
2
Let d(j) = -j**3 + 8*j**2 + 10*j + 24. Suppose 4*i - u + 56 = 99, 4*i - 2*u - 46 = 0. Calculate the remainder when d(9) is divided by i.
3
Let b(t) = 3*t**2 + 76*t + 259. What is the remainder when 484 is divided by b(-23)?
92
Let w(u) = 47*u + 4784. What is the remainder when w(32) is divided by 331?
330
Suppose 20*w - w - 22801 = 12444. Calculate the remainder when w is divided by 20.
15
Suppose 2*r = -r + 3, 0 = 4*t + 4*r - 36. Let w(a) = -3*a + 39. What is the remainder when 147 is divided by w(t)?
12
Let a(w) = 12*w**2 + 13*w - 12. Let m = 4 - 5. What is the remainder when 309*(m + 12/9) is divided by a(1)?
12
Let j(v) = 2*v**2 + 2*v + 516. Let b be j(0). Let m = 596 - b. What is the remainder when 304 is divided by m?
64
Let p = -187 - -402. Suppose -13*x + p + 71 = 0. What is the remainder when x is divided by 19?
3
Suppose 6*k + 1914 = 1920. Let p(c) be the second derivative of 3*c**5/10 + c**2/2 + c. Calculate the remainder when 27 is divided by p(k).
6
Suppose 3*y = -36*p + 39*p + 4740, 5*y - 4*p - 7896 = 0. Calculate the remainder when y is divided by 51.
46
Let d(f) be the third derivative of f**5/20 - 29*f**4/24 + 155*f**3/6 + 22*f**2. Calculate the remainder when d(8) is divided by 4.
3
Suppose -6*t = k - 12*t - 8647, 2*t - 17238 = -2*k. Calculate the remainder when k is divided by 16.
15
Let m = -3156 - -3749. What is the remainder when m is divided by 150?
143
Let j(s) = -s**3 + 28*s**2 - 6*s + 584. What is the remainder when j(0) is divided by 39?
38
Let y(z) = -776*z - 102. What is the remainder when y(-1) is divided by 165?
14
Suppose 0 = t, -5*r - 2*t + 112 + 23 = 0. Let q = -7429 + 7435. Calculate the remainder when r is divided by q.
3
Suppose -n - 143 = -37. What is the remainder when 157 is divided by n*15/(-50) - 1/(-5)?
29
Let x = 15931 - 7143. What is the remainder when x is divided by 30?
28
Let v(k) = -19*k - 58. What is the remainder when v(-9) is divided by 60/7 - (15 - 1080/70)?
5
Suppose 4*u - 7 - 9 = 0. Suppose -4*k + 162 = 2*a, -k + 44 = a - u*a. Suppose 286 = 36*p - 254. What is the remainder when k is divided by p?
11
Let l = -147 + 169. What is the remainder when 98 is divided by (-6)/2 - ((-64)/(-8) - l)?
10
Let k(h) = -h**2 + 15*h + 20. Let t be k(16). Suppose t = -4*g, -213 = -v - v - 3*g. Calculate the remainder when v is divided by 31.
15
Let t be 10/(-15) - (0 - 376/(-3)). Let i = -247 - t. Let y = 227 + i. Calculate the remainder when y is divided by 27.
25
Let w(l) be the second derivative of -l**4/12 - 7*l**3/6 - 14*l. Let t be w(3). What is the remainder when (736/20 - -1)*t/(-9) is divided by 16?
14
Suppose 12*n - n + 33 = 0. What is the remainder when 75 is divided by n + (-340)/40*-2*1?
5
Let p = 422 - 419. Let y(f) = -f**2 - 8*f + 6. Calculate the remainder when y(-7) is divided by p*5/(-10)*(-28)/6.
6
Let x(w) = -3*w + 2. Let y(t) = -t**3 + 2*t**2 + 3*t - 8. Let a be y(3). Let j be a/4 + -2 + (3 - 5). Calculate the remainder when 139 is divided by x(j).
19
Calculate the remainder when 5 + (-65573)/(-115) + (-4)/20 is divided by 56.
15
Suppose -438 - 69 = -13*n. What is the remainder when n is divided by 26?
13
Let u(z) = 16*z**3 + 17*z**2 + 17*z - 19. What is the remainder when u(5) is divided by 1244?
3
Let w(x) = -236*x - 2874. What is the remainder when 15129 is divided by w(-13)?
191
Let l(u) = u**3 + 10*u**2 + 11*u - 24. Suppose -2*o + 4*d = -3*o - 3, -3*d = -5*o - 38. What is the remainder when l(o) is divided by (-50)/(-3) - (-2)/(-3)?
14
Let x(y) = -6*y - 33. Let q be x(-6). Let b be 28/12 - (-2)/q. Suppose b*k - 180 - 15 = 0. What is the remainder when k is divided by 17?
14
Let q be 5/((-15)/(-66))*170. Suppose 3*f - q = -5*c, 2*c - 2*f + 6*f - 1496 = 0. What is the remainder when c is divided by 15?
13
Suppose -7*q - 9753 = -9886. What is the remainder when 834 is divided by q?
17
Suppose 2*c - 340 = -2*u, -3*c - 510 = -6*c + u. Let b = c + -161. Calculate the remainder when 295 is divided by b.
7
Calculate the remainder when 246 is divided by (20 - 33 - -12)/(1/(-83)).
80
Calculate the remainder when 195*195/525 - (-8)/14 is divided by 11.
7
Calculate the remainder when 6/(6/(-3) - 12960/(-6471)) is divided by 90.
87
Let m be -6 - -4 - (-16)/4. Let y be m/(-6) - 1568/48. Let s = y + 43. Calculate the remainder when 38 is divided by s.
8
Suppose -b + 2*f - 167 = -10*b, -3*b + 5*f = -67. Suppose -b*d = -14*d - 365. What is the remainder when 435 is divided by d?
70
Suppose -4*m - t = -58, 4*m - 73 = -m - t. Suppose 2*n - 714 = 508. Suppose 9*y - 55 = n. What is the remainder when y is divided by m?
14
Let y = 93 + -65. Calculate the remainder when (497/y)/((-2)/(-8)) is divided by 16/(144/45) + 13.
17
Suppose m - 4*m - 3766 = 2*p, 0 = -2*m + 3*p - 2502. What is the remainder when 1 + 2 - 14/21*m is divided by 29?
27
Suppose -44 = -13*s + 12*s. Let v(j) = j**3 - 23*j**2 + 44*j - 29. What is the remainder when s is divided by v(21)?
5
Suppose -7*f + 5 = -9. Suppose 0 = -5*z + 2*d + 64, -3*z + 61 = f*z - 3*d. What is the remainder when 20 is divided by z?
6
What is the remainder when 2927 is divided by 29 - (1020/210 - 4/(-28))?
23
Let k(i) = -28*i**3 + 4*i**2 + 8*i - 3. Let u be k(-3). Suppose -15*z + 60 = -u. What is the remainder when 161 is divided by z?
51
Let r(n) = n**2 + 4*n + 7. Let k be r(-3). Suppose -z + 4*a + 1 = -28, 0 = 2*a - k. Suppose -z = -3*u + 2*u. Calculate the remainder when u is divided by 11.
4
Suppose 3751 = 154*w - 1793. Let k = -97 + 309. What is the remainder when k is divided by w?
32
Suppose 494 = -4*g + 158. Let u = g - -90. What is the remainder when 32 is divided by u?
2
Suppose -962 - 1972 = -9*u. Let h = u - 266. Calculate the remainder when 658 is divided by h.
58
Suppose 0 = 19*c + 21128 - 57893. What is the remainder when c is divided by 1931?
4
Suppose 1 + 9 = i. Let y(r) = -5*r**3 + 2*r + 1. Let d be y(-1). Suppose 3*l = -4*f + 35, -d*f + 5 = -2*l - l. What is the remainder when i is divided by f?
0
Let q(c) be the first derivative of c**3/3 + 5*c**2 - 11*c + 127. Suppose 7*w - 2*w = 695. What is the remainder when w is divided by q(3)?
27
Suppose 100*v = 2*v + 7742. Calculate the remainder when 1182 is divided by v.
76
Let b(c) = 7*c**3 - c**2 + 44*c - 341. Calculate the remainder when b(7) is divided by 771.
6
Suppose -51*n = -6428 + 2992 - 13547. Calculate the remainder when n is divided by 192.
141
Let u = -32 + -4. Suppose -2*t - 2 = -10, 2*t = -3*i + 119. Calculate the remainder when 28/(-126) + ((-10544)/u)/4 is divided by i.
36
Suppose g - 8*d + 3*d = 336, -2*g + 702 = -4*d. Suppose f - 4 = 0, -23 = -3*h + 11*f - 7*f. What is the remainder when g is divided by h?
10
Let i = -215 - -254. Suppose -3*b + 228 = i. What is the remainder when b is divided by 18?
9
Let x be 2*(3645/(-18) - -4). Let o = x - -480. What is the remainder when 494 is divided by o?
79
Let d(z) = -349*z - 4529. Calculate the remainder when d(-15) is divided by 34.
26
Suppose -54*b = -53*b - 132. Suppose 51*c = 57*c - b. What is the remainder when 42 is